{"id":4960,"date":"2022-08-30T01:09:06","date_gmt":"2022-08-30T01:09:06","guid":{"rendered":"https:\/\/brave-goodall.74-208-50-155.plesk.page\/?post_type=product&#038;p=4960"},"modified":"2022-08-30T01:09:06","modified_gmt":"2022-08-30T01:09:06","slug":"mosaic-flotacion-en-seco-mosaic-1616-cushion-wcov-smoke","status":"publish","type":"product","link":"https:\/\/respiro.ihub-labs.com\/index.php\/product\/mosaic-flotacion-en-seco-mosaic-1616-cushion-wcov-smoke\/","title":{"rendered":"MOSAIC FLOTACION EN SECO (MOSAIC 1616 CUSHION wCOV SMOKE)"},"content":{"rendered":"<p>El coj\u00edn ROHO\u00ae MOSAIC\u00ae (MOSAIC) es una superficie de soporte para silla de ruedas ajustable, relleno con aire, de dise\u00f1o segmentado.<\/p>\n","protected":false},"excerpt":{"rendered":"<p>Est\u00e1 destinado a adecuarse a la posici\u00f3n sentada del paciente para ofrecer protecci\u00f3n para la piel y los tejidos blandos.<\/p>\n","protected":false},"featured_media":4961,"comment_status":"open","ping_status":"closed","template":"elementor_theme","meta":{"inline_featured_image":false,"_mi_skip_tracking":false},"product_cat":[88],"product_tag":[],"class_list":["post-4960","product","type-product","status-publish","has-post-thumbnail","hentry","product_cat-cuidados_en_casa"],"aioseo_notices":[],"_links":{"self":[{"href":"https:\/\/respiro.ihub-labs.com\/index.php\/wp-json\/wp\/v2\/product\/4960","targetHints":{"allow":["GET"]}}],"collection":[{"href":"https:\/\/respiro.ihub-labs.com\/index.php\/wp-json\/wp\/v2\/product"}],"about":[{"href":"https:\/\/respiro.ihub-labs.com\/index.php\/wp-json\/wp\/v2\/types\/product"}],"replies":[{"embeddable":true,"href":"https:\/\/respiro.ihub-labs.com\/index.php\/wp-json\/wp\/v2\/comments?post=4960"}],"version-history":[{"count":2,"href":"https:\/\/respiro.ihub-labs.com\/index.php\/wp-json\/wp\/v2\/product\/4960\/revisions"}],"predecessor-version":[{"id":4966,"href":"https:\/\/respiro.ihub-labs.com\/index.php\/wp-json\/wp\/v2\/product\/4960\/revisions\/4966"}],"wp:featuredmedia":[{"embeddable":true,"href":"https:\/\/respiro.ihub-labs.com\/index.php\/wp-json\/wp\/v2\/media\/4961"}],"wp:attachment":[{"href":"https:\/\/respiro.ihub-labs.com\/index.php\/wp-json\/wp\/v2\/media?parent=4960"}],"wp:term":[{"taxonomy":"product_cat","embeddable":true,"href":"https:\/\/respiro.ihub-labs.com\/index.php\/wp-json\/wp\/v2\/product_cat?post=4960"},{"taxonomy":"product_tag","embeddable":true,"href":"https:\/\/respiro.ihub-labs.com\/index.php\/wp-json\/wp\/v2\/product_tag?post=4960"}],"curies":[{"name":"wp","href":"https:\/\/api.w.org\/{rel}","templated":true}]}}